1) + 7 - (15 + -10).
2
What is -11 - (-15 - -4) - 0?
0
11 + 6 + (-21 - -9)
5
Evaluate (10 - 11) + (-3 - -8) + 1.
5
What is the value of 0 + (3 - (1 + 3) - 1)?
-2
-2 - ((-3 - -8) + -2)
-5
1 - -5 - (0 + 3)
3
Calculate -1 - 5 - (-14 + 11).
-3
Evaluate 18 - 26 - (6 - 8).
-6
Calculate 1 + 0 + 10 + 14 + -30.
-5
What is -1 + 4 + (10 - 12)?
1
(1 - (-1 + 0)) + -3
-1
Evaluate 6 - 2 - (-78 + 89).
-7
-4 + 8 + -4 - -2
2
What is (-1 - 7) + -40 + 44?
-4
What is (-1 - -1) + -1 - -6?
5
What is the value of -1 + -6 + 1 - (-318 - -317)?
-5
What is the value of -7 + -12 + 18 - (2 - 0)?
-3
Evaluate 5 + 0 + -4 + 4.
5
Evaluate -3 - -4 - 0 - -4.
5
What is (2 + -1 - 2) + -3 + 0?
-4
Evaluate -8 + (-1 - (-18 - -7)).
2
What is the value of (12 - 6) + -3 + 0?
3
Calculate -4 + 4 + 0 + -1 + 1.
0
What is 1 + (-1 - 0 - -5)?
5
What is -5 - -10 - (2 + 5 - 1)?
-1
Calculate -5 + 0 + 2 - -2.
-1
What is the value of 1 - (-6 - 5 - -9)?
3
Evaluate (-5 - 3) + -7 + 9.
-6
Calculate -5 + -4 + 11 - (-2 + 5).
-1
Evaluate 1 + (0 - 1) + 0 + 3.
3
What is -4 + -3 - (21 - 13) - -7?
-8
2 + 1 - (-9 + 8)
4
What is (1 - 0) + (10 - 7)?
4
What is 1 + 6 + -4 - (3 + -1)?
1
Evaluate 4 + (3 - 4 - 3).
0
What is the value of -7 - (6 + -16 + -1)?
4
What is the value of (-16 - (-25 - -12)) + (-1 - 5)?
-9
What is the value of (-6 - -7) + (1 - 3) - -4?
3
What is -6 - -15 - (2 + 0)?
7
What is 3 - (-2 + 5 + -4)?
4
Evaluate 81 + -76 - (-2 + (1 - -8)).
-2
Evaluate 3 - (-4 - (-1 + -2 - 6)).
-2
-7 - (10 + -6 + -1 + -17)
7
Calculate (-7 - -3 - 2) + 12 + -9.
-3
Evaluate -7 + -3 + 5 - (-4 + 0).
-1
Calculate (55 - 50) + -4 + 0.
1
-8 - (-2 + (0 - 1))
-5
What is the value of -2 - (2 - (9 - 3))?
2
Calculate (22 - 13) + -10 + -1.
-2
What is 6 - (3 + 1) - -1?
3
Evaluate -1 - (0 - (3 + -2) - -5).
-5
What is the value of 1 - (5 - (2 + (1 - -2)))?
1
Calculate (5 - (20 - 13)) + (-1 - 4).
-7
Calculate 9 + -11 - (1 - (0 - -1)).
-2
Calculate (-11 - 0) + (139 - 129).
-1
(0 - -2) + (1 - 10)
-7
What is 1 - 2 - (-7 + -1)?
7
20 + -15 + (-1 - -2) + -2
4
What is 1 + (0 - (-3 + -1)) - 1?
4
Calculate 0 + (3 - 4) - -4.
3
What is the value of 1 - (8 + -2 + -5)?
0
8 + (-6 - -1) - -5
8
What is the value of -5 - (4 + -2 + -3)?
-4
Evaluate 4 + 6 - (3 - -9).
-2
What is 2 + -7 + (1 - 1)?
-5
What is the value of -6 + (-3 - (2 - 6) - -8)?
3
Calculate (-16 + 5 - (-7 + 4)) + 15.
7
Calculate 1 - (-3 + -1) - (-18 + 24).
-1
(1 + -4 - -4) + -1
0
Evaluate -1 + 16 - (-40 - -61).
-6
Calculate 14 + -4 + (-23 - -13).
0
What is the value of -6 + -23 + 11 + 27?
9
What is -4 - ((-8 + 4 - -6) + 2)?
-8
What is the value of (3 - 4) + (-12 - -6 - -7)?
0
What is the value of 4 - (5 + -7) - 1?
5
What is -1 + (3 - (3 + 0 + -2))?
1
What is -6 + 9 + 6 - 6?
3
What is the value of (5 - 5) + (1 - -2) + -4?
-1
What is -1 + 4 + 4 + -5?
2
Evaluate (3 - 1) + 22 + -33.
-9
What is -4 + 3 + -1 + 8?
6
Evaluate (3 - 3) + -2 - -4.
2
-24 + 17 - (-5 - (-2 + 1))
-3
What is the value of -2 + -6 + 0 + 11?
3
What is the value of 2 + (0 + -2 - (41 + -45))?
4
Evaluate -6 - (-1 + 1 + -6).
0
Calculate -1 + 3 + -1 - (-48 + 52).
-3
What is -1 + -4 - (2 + -2)?
-5
What is the value of (-10 - -24) + 6 + -10?
10
Calculate 1 - (3 + -3 + 4 - 2).
-1
(2 - (1 - -5) - -3) + -2
-3
What is -2 - (5 + 3 - 3 - 11)?
4
What is the value of 1 - (0 + (-2 - (-1 + 3)))?
5
Evaluate 0 + 3 - (0 + 3).
0
Calculate (6 - (0 - -9)) + 7.
4
What is -3 - (3 + 3 + -13)?
4
Calculate 3 - 8 - -12 - 17.
-10
Evaluate -10 - -6 - (4 + 1).
-9
-1 - ((-4 - 1) + -1)
5
What is the value of -3 + 7 + -5 - -1?
0
What is 1 - 3 - (-3 + 1 - 0)?
0
What is 5 - ((1 + 1 - 3) + 10)?
-4
What is the value of (-10 - -17) + -6 - (-3 + -2)?
6
(1 - -3) + (5 - 6)
3
What is -5 + 1 + 7 - (1 + 1)?
1
What is (6 + -19 - -18) + 2 + -12?
-5
Evaluate -6 + -4 + 2 + (-1 - -6).
-3
-4 + (2 - 0) + -2 + 0
-4
Evaluate 1 - (-7 - (3 - 6)).
5
11 - 3 - (2 + 2)
4
Calculate 1 - -3 - (2 + 3 - -1).
-2
What is the value of -26 + (11 - -11) - (-1 - 1)?
-2
What is the value of 1 - (-8 + 7) - (3 - -1)?
-2
What is (18 - 17) + (-7 - 1)?
-7
(5 - (11 + -5)) + 3 + -2
0
What is (-2 - -1) + (5 - (-1 + 5))?
0
Evaluate 1 - ((-1 - -4) + 2).
-4
What is the value of (1 - -5) + (-10 - -7)?
3
13 - 19 - (-3 - -1 - -2)
-6
-2 - -2 - (3 - 4 - -4)
-3
What is (8 - (-3 + 9)) + -4 + 1?
-1
Calculate -56 + 62 + (-4 - (0 - -1)).
1
(-21 - -20) + -3 + 13
9
What is the value of -8 - -18 - (1 + 8)?
1
Calculate (12 - (0 - -3)) + -3.
6
What is the value of -2 - 1 - (18 + -25)?
4
What is -3 + -1 + -2 + 7 + -4?
-3
(-2 - -1) + 8 + -5
2
What is -3 - (9 - 2) - -12?
2
(3 + 3 - (2 + -4)) + -4
4
Calculate 4 - (2 - 1) - -3.
6
-1 + (-1 - 2) - -8
4
What is the value of 9 + -2 - 3 - 8 - -5?
1
-7 + -5 + (-1 - -7)
-6
Calculate -3 + -3 + (0 - 2) + 9.
1
What is 5 - (-1 + 5 + 15 + -5)?
-9
What is (-35 - -37) + (-2 - (8 + 2))?
-10
Calculate (3 + (5 - 10) - 3) + 4.
-1
What is 11 + -2 - -3 - (11 + -5)?
6
Calculate 3 + (0 - (6 + -3) - 4).
-4
What is the value of 3 + (-4 + 4 - (10 + 1))?
-8
What is 2 - (5 - (6 - 2)) - 7?
-6
What is the value of 4 + -5 + -3 + 0 + 5?
1
What is the value of 0 - (-4 + 7 + -3)?
0
Calculate -2 + 0 + (9 - 7).
0
0 + -8 + 1 + (10 - 9)
-6
5 + -3 + 0 + 1
3
3 + (-2 - (-1 + -2))
4
Calculate 113 + -115 + (1 - 1 - 5).
-7
Calculate -7 - (-7 + (-6 - -6)).
0
What is the value of 8 + -4 + (2 - 5)?
1
Evaluate -61 - -61 - (1 - 2).
1
Evaluate -6 + (13 - 7) + -2.
-2
(-3 + 16 - 10) + -7
-4
What is the value of 8 + -5 + -4 + 2 + 0?
1
Evaluate 1 + -10 + (-20 - -23).
-6
What is (0 - -1) + -4 + 1 + -1?
-3
Calculate (2 - 1) + 123 + -117.
7
What is 5 + (-9 - -12 - 4)?
4
Calculate (-6 - -1) + -48 + 57.
4
Evaluate -6 - -4 - 4 - -11.
5
Calculate -4 - (5 + (-2 - (-2 - -4))).
-5
What is the value of 1 + -3 + (1 - 1) + -2?
-4
-9 - (-1 + -2 + -2 + 1)
-5
Calculate -6 + -11 + (9 - 1).
-9
What is the value of 9 - (-1 + 3 - -11)?
-4
-7 + 1 + 7 + -4
-3
0 + -3 + 2 + 6
5
Calculate 0 - (0 - (-7 + 8 + -7)).
-6
Evaluate -2 + (11 - (2 + 2)).
5
What is 1 + (7 - 20) + 8?
-4
Evaluate -16 + -10 + 18 + 7.
-1
Calculate 4 - (-4 + 7 + 4).
-3
Calculate (-10 - (-10 - -3)) + 0.
-3
Evaluate -1 + (5 - (6 + -4) - 4).
-2
What is the value of 2 + 0 + 4 - 2?
4
What is (142 - 156) + (0 - -9)?
-5
What is the value of (1 - (2 - (-2 - 1))) + 8?
4
What is the value of 14 + -15 + 3 + 1 + -7?
-4
What is 2 - 2 - (-10 - -13)?
-3
13 + -9 + (-4 - 0)
0
Calculate (-1 - 3) + (0 - (3 - 2)).
-5
Evaluate -30 - -31 - (1 + 4).
-4
What is 7 - (-5 + 3 + 6) - -4?
7
1 + -16 - (75 + -80)
-10
Evaluate 2 - (5 + -6 - -7).
-4
Evaluate 86 + -83 + (2 - 1).
4
-13 - ((2 - 3) + -9)
-3
(-13 - -19) + 7 + -20
-7
Evaluate -10 - -5 - -1 - (-2 + 3).
-5
What is the value of 2 - (3 - 1) - 0?
0
Calculate 5 - (-6 - -4) - (-1 - -3).
5
2 + 1 - ((0 - -3) + 2)
-2
What is the value of 0 - (3 + -5 + 1 - -3)?
-2
Evaluate 3 - 0 - (0 + 2 - -2).
-1
What is (1 - 2) + (-8 + 13 - 5)?
-1
0 - -2 - (11 + -14)
5
Calculate (9 - (4 - (-2 - -6))) + -6.
3
Calculate -2 - (-8 + 3) - (9 + -2).
-4
What is (11 - (3 - -1)) + -11?
-4
Evaluate 4 + 1 + -37 + 31.
-1
What is -3 + 1 - (5 + -3)?
-4
Evaluate (-17 - (-1 - 10)) + 5.
-1
Calculate 5 + (-10 + 4 - -4).
3
What is the value of -3 - (-5 + 13 + -10)?
-1
Calculate (-24 - -2) + 11 + 11.
0
6 - (5 + (-12 - -5))
8
Evaluate -2 - -4 - (-5 + 8).
-1
What is -11 + 15 - (1 + 1)?
2
Evaluate (5 - 3) + 9 + -9.
2
What is 2 + (-2 - -1 - 2)?
-1
-10 - -23 - 11 - -6
8
1 + 0 - (-11 + 13 + 1)
-2
4 + (-1 + 2 - 9 - -2)
-2
Evaluate (-2 - -4) + -12 + 4 + 4.
-2
What is the value of (-11 - -1) + -56 + 63?
-3
Calculate 9 + -4 + (-4 - -1).
2
What is the value of -1 - -3 - (1 + 4)?
-3
Evaluate -4 - (-3 - 5 - (-3 + 1)).
2
Evaluate -1 + 0 + 12 + 8 + -26.
-7
What is the value of -1 + 0 + 1 + 5 + -2?
3
Evaluate 0 + (0 - -1) + (11 - 7).
5
Evaluate (2 - -3) + 10 + -11 - 0.
4
-4 + (2 - -4) + -2 - 1
-1
What is (14 - 21) + 1 + (-1 - -2)?
-5
What is (-2 - -2) + (-6 - -7)?
1
(-1 - -14) + (-107 - -103)
9
Evaluate 5 + (4 - (10 - 5)).
4
Calculate (-6 - 1) + -37 + 43.
-1
Evaluate -11 + (4 - -2) - -8.
3
Evaluate -7 + 2 + -3 + 6 + -1.
-3
-3 - (12 + -14) - (-1 + -1)
1
What is the value of -1 - ((-12 - -20) + -5)?
-4
What is (8 - 4) + -7 + 6?
3
-1 - (-3 - (7 + -13))
-4
Calculate 0 - -15 - (13 - (-2 - -8)).
8
Evaluate -78 - -75 - (-1 + 0).
-2
What is (-27 - -33) + (1 + -2 - 1)?
4
Evaluate (-1 - 7) + -41 + 51.
2
Evaluate -6 + (-10 -